u).
-4
Suppose -2*m + 65 = -n, m - 4*n - 10 = n. Suppose 0 = -4*q - q + v + m, q + 4*v = -14. Let k(z) = 2*z - 8. Calculate k(q).
4
Let k = 4 - 4. Suppose -2*q + 5 + 3 = k. Let z(u) = -4*u**2 + q*u**2 - u**2 + 5*u. Determine z(4).
4
Let h(b) = -39*b + 28*b**2 + 13*b - 41*b**2 + 10*b - 9 + b**3. Determine h(14).
-37
Let j(z) = 4*z + 16. Let p be j(3). Let g be p/(-5) - (6/(-10) + 1). Let f(k) = k**3 + 5*k**2 - 8*k - 5. Calculate f(g).
7
Let g(a) = 11*a**2 - 64*a - 15. Let y be g(6). Let k(w) = w - 5. Give k(y).
-8
Let x(d) = -d**3 - d**2 - d - 1. Suppose 0*s + 5*s + 70 = 0. Let o = 9 + s. Let h(k) = 6*k**3 + 13*k**2 + 5*k + 4. Let l(m) = o*x(m) - h(m). Determine l(-8).
1
Let q(d) = -d**2 + 10*d - 10. Let k = 76 + -57. Suppose 24 = k*o - 16*o. Determine q(o).
6
Let r(k) = -6569 - k**2 - 6569 + 13149 + 2*k. Determine r(0).
11
Let h(m) be the first derivative of -2 + 3*m - 1/2*m**2. Let v be (-15)/(-5)*-5*(-8)/40. Give h(v).
0
Let s(i) = 18*i + 9*i + 5*i - 24*i. What is s(4)?
32
Let y(j) = 2*j**2 - 6*j - 3*j**2 + j**2 + j**2 + 4. Suppose f - 10 = -0*f. Suppose 4*x = 6 + f. Determine y(x).
-4
Let j(w) = -6105*w + 1 - 1 + 6094*w + w**2. Let a(s) = 2*s**2 - 9*s. Let z(n) = -6*a(n) + 5*j(n). Suppose 3*m - 2 = -5. Give z(m).
-6
Suppose -5*h + 30 = -20. Let l(g) = g + 4. Give l(h).
14
Suppose 3*t - 3*a + 1 - 19 = 0, -a = -4*t + 15. Let y be 100/(-26) + t + (-123)/39. Let z(d) be the second derivative of d**3/2 + 3*d**2 + d. Give z(y).
-6
Let l(j) = 9*j - 9. Let n be l(1). Let m(b) be the third derivative of 1/60*b**5 + 0*b + n + 0*b**4 - b**2 + 11/6*b**3. Give m(0).
11
Let n(i) be the third derivative of -i**4/6 + 2*i**3/3 + 2*i**2. Let y = -4 - -3. Let w be 6*1/(1 - y). Determine n(w).
-8
Suppose -2*b - 5 = -3*b, 32 = q + 4*b. Let w(u) = 2 - q - 5*u + 6 + u**2 - 5. Suppose -l = l - 14. Determine w(l).
5
Let f(a) be the third derivative of -a**5/60 + 5*a**4/24 + 2*a**3/3 - 28*a**2. Let c be (-6)/8 + 610/(-40). Let d = c - -22. Determine f(d).
-2
Let f(i) = -3*i + 1. Let j(g) = -2*g + 2. Let t be -3 + 4 - -2 - 2. Let n(m) = 1. Let x(l) = t*j(l) - n(l). Let z(v) = 4*f(v) - 5*x(v). What is z(2)?
-5
Suppose -2*q = -6 - 12. Let t(h) = 17*h - q*h - 9*h + 3. Suppose -2*j = 2*j - i + 17, -j + 2 = i. What is t(j)?
6
Let m be (4/7)/(725/(-105) + 7). Let j(n) = -1 - 5*n + 7*n**2 - n + m*n - 2*n. Calculate j(-1).
8
Let k(m) be the third derivative of 2*m**2 + 0*m**3 + 1/24*m**4 + 1/120*m**6 + 0 + 0*m + 1/60*m**5. Let o be ((0/5)/5)/(0 + 2). Calculate k(o).
0
Let j be 92/22 + (-4)/22. Let w(z) be the third derivative of z**5/60 + z**3/2 + 2*z**2. Let a(f) be the first derivative of w(f). Calculate a(j).
8
Let t(s) = 3*s + 51. Let h(q) = 36*q - 414. Let n be h(11). Determine t(n).
-3
Let d(j) be the third derivative of 33*j**2 + 1/24*j**4 - 1/120*j**6 + 0 + 1/60*j**5 + 0*j**3 + 0*j. Determine d(-2).
10
Let c(h) be the second derivative of h**4/12 - h**3/2 - 7*h**2/2 - 5*h + 2. Determine c(5).
3
Suppose -18*r = 563 - 653. Let w(c) = -c**2 + 2*c + 7. Calculate w(r).
-8
Let r(i) = 3*i + 4. Let f be r(-2). Let t = f + 1. Let z(q) = 19*q**2 - q. Calculate z(t).
20
Let d be (-11)/(-2) + (-5)/10. Suppose 4*b - 3 = 17. Let n(h) = -20*h + 7*h + h**2 + b*h + 4 + 2. Calculate n(d).
-9
Suppose -5*q - 20 = 0, 30 = 2*v + 3*q - 8*q. Suppose 0 = 4*x - 5*l - v, x + 5*l - 3 + 8 = 0. Let j(a) = x*a + 8 + 3*a - 2*a - 2*a. What is j(6)?
2
Let y(i) = -94*i - 38. Let u(p) = -30*p - 12. Let q(d) = -16*u(d) + 5*y(d). Give q(-4).
-38
Let q(y) = -3*y - 2. Let s = 17 - 35. Let c be 3*(-3)/s*-8. Calculate q(c).
10
Let h(t) be the third derivative of t**6/120 + t**4/24 + t**3/6 - 1363*t**2. Let q = 0 + 0. What is h(q)?
1
Let m(f) = f - 5. Suppose 0 = -s + 21 - 0. Suppose -i - s = -5*y + 2*i, -2*y + 14 = -4*i. Suppose 2*a + y*a - 25 = 0. Determine m(a).
0
Let s be 4 + -4 + (-72)/(-18). Let k(t) = t**3 - 6*t**2 + 6*t + 4. Calculate k(s).
-4
Let d(n) = 2*n**2 + 3*n - 3. Let f be d(3). Let k(p) = 16 - f - p**2 + 9. Suppose 2*t = 3*t + t. Give k(t).
1
Suppose 4*n + 3*n = 21. Let l(x) = -2*x**2 - 4*x**n - 3*x**2 + 3*x**3 + 7*x**2 + 2*x. Determine l(3).
-3
Let w(y) = -y**3 + 10*y**2 + 11*y - 5. Suppose 36*r = 136 + 260. Determine w(r).
-5
Let x(r) = -r**2 + 2*r - 1. Let d be x(1). Let i = d + 0. Let a(k) = 2 + 2 + 7*k + i*k - 3*k. Give a(-4).
-12
Let t(l) = -2*l - 30. Suppose -31 = 4*g - 23, 3*b + 34 = 4*g. What is t(b)?
-2
Suppose 23*b = 36*b - 130. Let l(q) = q - 2. Determine l(b).
8
Let n(m) = -m**2 + m - 1. Let b(h) = h**3 - 12*h + 1. Let w(i) = b(i) + 5*n(i). Let k be 25/5 - (-3 - -2). Determine w(k).
-10
Suppose 23 - 5 = 6*g. Let b(s) = 158 + g*s - 4*s - 158. What is b(2)?
-2
Let c be 7/9 - 2/(-9). Let l be 2/(0 + 6) - (-1)/(-3). Let a(m) = -3 + l + 1 + m + c. Calculate a(6).
5
Let d(i) = i**2 - 2*i + 1. Suppose 3*k - 27 = -0*k. Suppose 3*z - k = -o + z, 0 = -o - z + 5. What is d(o)?
0
Suppose -g - 3*j - 1 = 0, 0 = -g + 5*g - 5*j - 30. Suppose -28 = -4*o - 4*w, 4*o + w = 24 - g. Let a(s) = -s - 5. Calculate a(o).
-9
Let w(a) be the first derivative of a**4/4 + 2*a**3 - 9*a**2/2 + 8*a - 848. Calculate w(-7).
22
Let n(v) be the first derivative of v**4/4 + 5*v**3/3 + 3*v**2/2 + 4*v - 295. What is n(-3)?
13
Suppose -4*m = 3*m. Let g(j) = -3 + j**3 + 6 - 5*j + m + 4*j - 4*j**2. Give g(4).
-1
Let t be 24*(-32)/(-72) + 6/(-9). Let h(g) = -2*g + 13. Determine h(t).
-7
Suppose 37*x = 61*x. Let y(p) = 2*p**3 + p + 4. Calculate y(x).
4
Let y(x) = -x**2 + 15*x - 32. Suppose 156 = -41*v + 53*v. Calculate y(v).
-6
Let x(j) = -7*j. Let c = 42 + -33. Let s = -7 + c. Let g be ((-6)/(-4) - s)*-2. Determine x(g).
-7
Let u = 16 + -9. Let g = 3 - -1. Let d(i) = 373 + g*i - i**2 - 370 + 3*i. Give d(u).
3
Let u be 8/(-36) + (-20)/(-9). Suppose -2*w + 23 = 5*f - 2, f - u = -w. Let x = f + -10. Let t(l) = 3*l + 4. Calculate t(x).
-5
Let u(b) = -15*b + 7 - b**3 - 12674*b**2 - 12674*b**2 + 25356*b**2. Calculate u(6).
-11
Let b(m) = 2*m**2 - m. Let u(x) = -x**2 + 23*x - 113. Let i be u(16). What is b(i)?
3
Let t(x) = 2*x - 6. Let r = -110 - -114. Calculate t(r).
2
Let k be (323/(-19))/((-1)/1). Suppose -4*w - k = 3. Let c(v) = -8*v - 2. Let j(o) = -o. Let m(y) = -c(y) + 10*j(y). What is m(w)?
12
Let p(m) = -109*m + 215*m - 109*m - 1 - 3 - m**2. What is p(-5)?
-14
Let z = 318 - 308. Let v(l) = -3*l + 10. Calculate v(z).
-20
Let c(a) be the first derivative of -5*a**2/2 + 2*a + 1. Suppose -6*j + 18 = 3*j. Suppose i = q + 6, -j*i + 4 = -6*i - 3*q. Give c(i).
-8
Let m(h) = 7*h**3 + 3*h**2 + h + 2. Let q(z) = -z**2 + 13*z - 2. Let s be q(13). Determine m(s).
-44
Let i(a) = -a + 6. Suppose -20 = -98*w + 93*w. Determine i(w).
2
Let n(w) = -w - 1 - w - 5*w. Suppose -3 = 5*d + 2. Let r be d/1*(-1 - 0). What is n(r)?
-8
Let q(i) = 1. Let x(u) = -u + 1. Let j(d) = -3*q(d) + x(d). Let b = -44 + 42. Let z be (1 - (b - 1)) + -4. Determine j(z).
-2
Let z(t) = -37*t**3 + t**2 + 4*t + 3. Let c(d) = 76*d**3 - 2*d**2 - 9*d - 7. Let o(m) = -2*c(m) - 5*z(m). What is o(-1)?
-33
Let f(p) = -6*p - 434 + 868 - 434. Calculate f(-1).
6
Let n = 30 + -31. Let u(a) = -a. Give u(n).
1
Let l(d) = d - 5. Let h(z) = -8*z**3 + 2*z**2 - 1. Let b be h(-1). Let k(y) = 2*y + 8. Let s be k(0). Suppose b*f = s*f. Determine l(f).
-5
Let k(t) = 5*t**2 - 3*t - 4. Let j(y) = -y**2 + y + 1. Let v(h) = -4*j(h) - k(h). Let d(x) = 3*x**2 - 3*x - 8. Let g(z) = -d(z) - 2*v(z). What is g(6)?
2
Let c(l) = -13*l. Let g be 731/(-215) - 14/(-10). Give c(g).
26
Let a(f) be the second derivative of f**4/12 - 11*f**3/6 + 3*f**2 + f + 15. Determine a(10).
-4
Let h = 1413 - 1417. Let j(s) = -5*s - 24. Give j(h).
-4
Let a(y) be the second derivative of -y**4/12 - y**3/6 - y**2/2 + 15*y + 3. What is a(-1)?
-1
Suppose 0 = 10*u - 254 + 74. Suppose 15*i - 15 = u*i. Let o(v) = v**3 + 6*v**2 + 3*v + 5. Calculate o(i).
15
Let k(r) = 2*r**2 + r + 1. Suppose -5*v + 5*u = 0, 4*v = -u + 3*u. Suppose -3*l + v*s - 7 = 2*s, 4*l = -5*s - 14. Determine k(l).
2
Let b(d) be the third derivative of d**4/12 + 2*d**3/3 + 91*d**2. Give b(6).
16
Let l be ((-40)/(-15))/((-4)/(-6)). Let n = l + -7. Let g(y) = 2*y + 2. Give g(n).
-4
Let w = 261 + -265. Let o(p) = p**2 + 2*p - 3. Determine o(w).
5
Let v = -15 + 19. Suppose 17*l + 52 = v*l. Let z(k) = -k**2 - 6*k. Calculate z(l).
8
Suppose -2*w = 2, -2*r - 